{"id":25461,"date":"2026-09-04T15:20:27","date_gmt":"2026-09-04T13:20:27","guid":{"rendered":"https:\/\/autofolie-bratislava.eu\/?post_type=portfolio&#038;p=25461"},"modified":"2026-09-04T15:37:32","modified_gmt":"2026-09-04T13:37:32","slug":"determal-autofolie-fur-vw-golf-r","status":"publish","type":"portfolio","link":"https:\/\/autofolie-bratislava.eu\/de\/portfolio\/determalne-autofolie-pre-vw-golf-r\/","title":{"rendered":"Determ-Autofolien f\u00fcr den VW Golf R"},"content":{"rendered":"","protected":false},"excerpt":{"rendered":"<p>Contrast &#038; Performance: Dokonal\u00fd vizu\u00e1l a ochrana pre matn\u00fd biely VW Golf R<\/p>","protected":false},"author":2,"featured_media":25466,"parent":0,"menu_order":0,"comment_status":"closed","ping_status":"closed","template":"","format":"standard","meta":{"_acf_changed":false,"_seopress_titles_title":"Determ\u00e1lne aut\u00f3f\u00f3lie pre VW Golf R | Dokonal\u00fd kontrast - Autof\u00f3lie Bratislava","_seopress_titles_desc":"Pozrite si n\u00e1\u0161 najnov\u0161\u00ed projekt: VW Golf R s matn\u00fdm bielym lakom. \u0160pi\u010dkov\u00e9 determ\u00e1lne autof\u00f3lie JWF Insulatir 05 zaistia tepeln\u00fd \u0161t\u00edt, UV ochranu a s\u00fakromie.","_seopress_robots_index":"","_seopress_robots_follow":"","_seopress_robots_imageindex":"","_seopress_robots_snippet":"","_seopress_robots_primary_cat":"","_seopress_robots_breadcrumbs":"","_seopress_robots_freeze_modified_date":"","_seopress_robots_custom_modified_date":"","_seopress_robots_canonical":"","_seopress_social_fb_title":"","_seopress_social_fb_desc":"","_seopress_social_fb_img":"","_seopress_social_fb_img_attachment_id":25293,"_seopress_social_fb_img_width":1200,"_seopress_social_fb_img_height":600,"_seopress_social_twitter_title":"","_seopress_social_twitter_desc":"","_seopress_social_twitter_img":"","_seopress_social_twitter_img_attachment_id":25293,"_seopress_social_twitter_img_width":1200,"_seopress_social_twitter_img_height":600,"_seopress_redirections_value":"","_seopress_redirections_enabled":"","_seopress_redirections_enabled_regex":"","_seopress_redirections_logged_status":"both","_seopress_redirections_param":"","_seopress_redirections_type":301,"_seopress_analysis_target_kw":"determ\u00e1lne aut\u00f3f\u00f3lie","_seopress_news_disabled":"","_seopress_video_disabled":"","_seopress_video":[],"_seopress_pro_schemas_manual":[{"_seopress_pro_rich_snippets_type":"services","_seopress_pro_rich_snippets_service_name":"Peugeot 208 - In\u0161tal\u00e1cia autof\u00f3li\u00ed","_seopress_pro_rich_snippets_service_type":"Peugeot 208 - In\u0161tal\u00e1cia autof\u00f3li\u00ed","_seopress_pro_rich_snippets_service_description":"Z\u00e1kazn\u00edk pri\u0161iel za nami s po\u017eiadavkou in\u0161tal\u00e1cie keramick\u00fdch okenn\u00fdch autof\u00f3li\u00ed na zadn\u00e9 okno auta a takisto na bo\u010dn\u00e9 zadn\u00e9 okn\u00e1. Po\u017eadovan\u00fd bol vysok\u00fd stupe\u0148 zatmavenia tak aby f\u00f3lie kore\u0161pondovali s dizajnom auta.","_seopress_pro_rich_snippets_service_img":"","_seopress_pro_rich_snippets_service_area":"Slovensko","_seopress_pro_rich_snippets_service_provider_name":"Autof\u00f3lie Bratislava","_seopress_pro_rich_snippets_service_lb_img":"","_seopress_pro_rich_snippets_service_provider_mobility":"","_seopress_pro_rich_snippets_service_slogan":"","_seopress_pro_rich_snippets_service_street_addr":"Be\u0148adick\u00e1 5","_seopress_pro_rich_snippets_service_city":"Bratislava","_seopress_pro_rich_snippets_service_state":"","_seopress_pro_rich_snippets_service_pc":"85106","_seopress_pro_rich_snippets_service_country":"Slovakia","_seopress_pro_rich_snippets_service_lat":"","_seopress_pro_rich_snippets_service_lon":"","_seopress_pro_rich_snippets_service_tel":"0940603320","_seopress_pro_rich_snippets_service_price":""}],"_seopress_pro_rich_snippets_disable_all":"","_seopress_pro_rich_snippets_disable":[],"_seopress_pro_schemas":[],"footnotes":""},"categories":[23],"tags":[],"class_list":["post-25461","portfolio","type-portfolio","status-publish","format-standard","has-post-thumbnail","hentry","category-autofolie-na-okna"],"acf":[],"_links":{"self":[{"href":"https:\/\/autofolie-bratislava.eu\/de\/wp-json\/wp\/v2\/portfolio\/25461","targetHints":{"allow":["GET"]}}],"collection":[{"href":"https:\/\/autofolie-bratislava.eu\/de\/wp-json\/wp\/v2\/portfolio"}],"about":[{"href":"https:\/\/autofolie-bratislava.eu\/de\/wp-json\/wp\/v2\/types\/portfolio"}],"author":[{"embeddable":true,"href":"https:\/\/autofolie-bratislava.eu\/de\/wp-json\/wp\/v2\/users\/2"}],"replies":[{"embeddable":true,"href":"https:\/\/autofolie-bratislava.eu\/de\/wp-json\/wp\/v2\/comments?post=25461"}],"version-history":[{"count":9,"href":"https:\/\/autofolie-bratislava.eu\/de\/wp-json\/wp\/v2\/portfolio\/25461\/revisions"}],"predecessor-version":[{"id":25475,"href":"https:\/\/autofolie-bratislava.eu\/de\/wp-json\/wp\/v2\/portfolio\/25461\/revisions\/25475"}],"wp:featuredmedia":[{"embeddable":true,"href":"https:\/\/autofolie-bratislava.eu\/de\/wp-json\/wp\/v2\/media\/25466"}],"wp:attachment":[{"href":"https:\/\/autofolie-bratislava.eu\/de\/wp-json\/wp\/v2\/media?parent=25461"}],"wp:term":[{"taxonomy":"category","embeddable":true,"href":"https:\/\/autofolie-bratislava.eu\/de\/wp-json\/wp\/v2\/categories?post=25461"},{"taxonomy":"post_tag","embeddable":true,"href":"https:\/\/autofolie-bratislava.eu\/de\/wp-json\/wp\/v2\/tags?post=25461"}],"curies":[{"name":"wp","href":"https:\/\/api.w.org\/{rel}","templated":true}]}}

Determ-Autofolien für den VW Golf R

<p>Contrast &#038; Performance: Dokonalý vizuál a ochrana pre matný biely VW Golf R</p>

Determálne autófólie pre VW Golf R | Dokonalý kontrast - Autofólie Bratislava

Pozrite si náš najnovší projekt: VW Golf R s matným bielym lakom. Špičkové determálne autofólie JWF Insulatir 05 zaistia tepelný štít, UV ochranu a súkromie.

determálne autófólie

Peugeot 208 - Inštalácia autofólií

Zákazník prišiel za nami s požiadavkou inštalácie keramických okenných autofólií na zadné okno auta a takisto na bočné zadné okná. Požadovaný bol vysoký stupeň zatmavenia tak aby fólie korešpondovali s dizajnom auta.

Autofólie Bratislava

Beňadická 5
