{"id":25428,"date":"2026-09-01T13:01:26","date_gmt":"2026-09-01T11:01:26","guid":{"rendered":"https:\/\/autofolie-bratislava.eu\/?post_type=portfolio&#038;p=25428"},"modified":"2026-09-01T13:01:26","modified_gmt":"2026-09-01T11:01:26","slug":"schutzfolie-xpel-ultimate-fusion-porsche-spyder","status":"publish","type":"portfolio","link":"https:\/\/autofolie-bratislava.eu\/de\/portfolio\/ochranna-folia-xpel-ultimate-fusion-porsche-spyder\/","title":{"rendered":"XPEL Ultimate Fusion Schutzfolie"},"content":{"rendered":"","protected":false},"excerpt":{"rendered":"<p>Erstklassiger Lackschutz f\u00fcr die legend\u00e4ren Porsche Spyder<\/p>","protected":false},"author":2,"featured_media":25440,"parent":0,"menu_order":0,"comment_status":"closed","ping_status":"closed","template":"","format":"standard","meta":{"_acf_changed":false,"_seopress_titles_title":"Ochrann\u00e1 f\u00f3lia XPEL Ultimate Fusion - Autof\u00f3lie Bratislava","_seopress_titles_desc":"\u010cerven\u00e1 mu pristane, ochrann\u00e1 f\u00f3lia XPEL ho ochr\u00e1ni. Pozrite si, ako pr\u00e9miov\u00e1 PPF f\u00f3lia s keramickou vrstvou chr\u00e1ni lak ikonick\u00e9ho Porsche Spyder pred kamienkami a \u0161krabancami.","_seopress_robots_index":"","_seopress_robots_follow":"","_seopress_robots_imageindex":"","_seopress_robots_snippet":"","_seopress_robots_primary_cat":"","_seopress_robots_breadcrumbs":"","_seopress_robots_freeze_modified_date":"","_seopress_robots_custom_modified_date":"","_seopress_robots_canonical":"","_seopress_social_fb_title":"","_seopress_social_fb_desc":"","_seopress_social_fb_img":"","_seopress_social_fb_img_attachment_id":23939,"_seopress_social_fb_img_width":1200,"_seopress_social_fb_img_height":630,"_seopress_social_twitter_title":"","_seopress_social_twitter_desc":"","_seopress_social_twitter_img":"","_seopress_social_twitter_img_attachment_id":23939,"_seopress_social_twitter_img_width":1200,"_seopress_social_twitter_img_height":630,"_seopress_redirections_value":"","_seopress_redirections_enabled":"","_seopress_redirections_enabled_regex":"","_seopress_redirections_logged_status":"both","_seopress_redirections_param":"","_seopress_redirections_type":301,"_seopress_analysis_target_kw":"Ochrann\u00e1 f\u00f3lia XPEL,PPF f\u00f3lia na auto","_seopress_news_disabled":"","_seopress_video_disabled":"","_seopress_video":[],"_seopress_pro_schemas_manual":[{"_seopress_pro_rich_snippets_type":"services","_seopress_pro_rich_snippets_service_name":"Peugeot 208 - In\u0161tal\u00e1cia autof\u00f3li\u00ed","_seopress_pro_rich_snippets_service_type":"Peugeot 208 - In\u0161tal\u00e1cia autof\u00f3li\u00ed","_seopress_pro_rich_snippets_service_description":"Z\u00e1kazn\u00edk pri\u0161iel za nami s po\u017eiadavkou in\u0161tal\u00e1cie keramick\u00fdch okenn\u00fdch autof\u00f3li\u00ed na zadn\u00e9 okno auta a takisto na bo\u010dn\u00e9 zadn\u00e9 okn\u00e1. Po\u017eadovan\u00fd bol vysok\u00fd stupe\u0148 zatmavenia tak aby f\u00f3lie kore\u0161pondovali s dizajnom auta.","_seopress_pro_rich_snippets_service_img":"","_seopress_pro_rich_snippets_service_area":"Slovensko","_seopress_pro_rich_snippets_service_provider_name":"Autof\u00f3lie Bratislava","_seopress_pro_rich_snippets_service_lb_img":"","_seopress_pro_rich_snippets_service_provider_mobility":"","_seopress_pro_rich_snippets_service_slogan":"","_seopress_pro_rich_snippets_service_street_addr":"Be\u0148adick\u00e1 5","_seopress_pro_rich_snippets_service_city":"Bratislava","_seopress_pro_rich_snippets_service_state":"","_seopress_pro_rich_snippets_service_pc":"85106","_seopress_pro_rich_snippets_service_country":"Slovakia","_seopress_pro_rich_snippets_service_lat":"","_seopress_pro_rich_snippets_service_lon":"","_seopress_pro_rich_snippets_service_tel":"0940603320","_seopress_pro_rich_snippets_service_price":""}],"_seopress_pro_rich_snippets_disable_all":"","_seopress_pro_rich_snippets_disable":[],"_seopress_pro_schemas":[],"footnotes":""},"categories":[58],"tags":[],"class_list":["post-25428","portfolio","type-portfolio","status-publish","format-standard","has-post-thumbnail","hentry","category-ppf-folie"],"acf":[],"_links":{"self":[{"href":"https:\/\/autofolie-bratislava.eu\/de\/wp-json\/wp\/v2\/portfolio\/25428","targetHints":{"allow":["GET"]}}],"collection":[{"href":"https:\/\/autofolie-bratislava.eu\/de\/wp-json\/wp\/v2\/portfolio"}],"about":[{"href":"https:\/\/autofolie-bratislava.eu\/de\/wp-json\/wp\/v2\/types\/portfolio"}],"author":[{"embeddable":true,"href":"https:\/\/autofolie-bratislava.eu\/de\/wp-json\/wp\/v2\/users\/2"}],"replies":[{"embeddable":true,"href":"https:\/\/autofolie-bratislava.eu\/de\/wp-json\/wp\/v2\/comments?post=25428"}],"version-history":[{"count":13,"href":"https:\/\/autofolie-bratislava.eu\/de\/wp-json\/wp\/v2\/portfolio\/25428\/revisions"}],"predecessor-version":[{"id":25455,"href":"https:\/\/autofolie-bratislava.eu\/de\/wp-json\/wp\/v2\/portfolio\/25428\/revisions\/25455"}],"wp:featuredmedia":[{"embeddable":true,"href":"https:\/\/autofolie-bratislava.eu\/de\/wp-json\/wp\/v2\/media\/25440"}],"wp:attachment":[{"href":"https:\/\/autofolie-bratislava.eu\/de\/wp-json\/wp\/v2\/media?parent=25428"}],"wp:term":[{"taxonomy":"category","embeddable":true,"href":"https:\/\/autofolie-bratislava.eu\/de\/wp-json\/wp\/v2\/categories?post=25428"},{"taxonomy":"post_tag","embeddable":true,"href":"https:\/\/autofolie-bratislava.eu\/de\/wp-json\/wp\/v2\/tags?post=25428"}],"curies":[{"name":"wp","href":"https:\/\/api.w.org\/{rel}","templated":true}]}}

<p>Erstklassiger Lackschutz für die legendären Porsche Spyder</p>

Ochranná fólia XPEL Ultimate Fusion - Autofólie Bratislava

Červená mu pristane, ochranná fólia XPEL ho ochráni. Pozrite si, ako prémiová PPF fólia s keramickou vrstvou chráni lak ikonického Porsche Spyder pred kamienkami a škrabancami.

Ochranná fólia XPEL,PPF fólia na auto

Peugeot 208 - Inštalácia autofólií

Zákazník prišiel za nami s požiadavkou inštalácie keramických okenných autofólií na zadné okno auta a takisto na bočné zadné okná. Požadovaný bol vysoký stupeň zatmavenia tak aby fólie korešpondovali s dizajnom auta.

Autofólie Bratislava

Beňadická 5
